{"id":3767,"date":"2016-05-30T18:13:08","date_gmt":"2016-05-30T16:13:08","guid":{"rendered":"http:\/\/www.islaywhiskychapter.at\/?page_id=3767"},"modified":"2025-12-29T13:16:58","modified_gmt":"2025-12-29T12:16:58","slug":"die-organisation-des-clubs-ab-juli-2016","status":"publish","type":"page","link":"https:\/\/islaywhiskychapter.at\/index.php\/der-club\/die-organisation-des-clubs-ab-juli-2016\/","title":{"rendered":"Die Organisation des Clubs ab Sep 2025"},"content":{"rendered":"<h5>Der <strong>Vorstand<\/strong> des IWCA<\/h5>\n<p>Gem\u00e4\u00df den Statuten besteht er aus den Funktionen<\/p>\n<ul>\n<li>Regent (Obmann)<\/li>\n<li>Treasurer (Kassier)<\/li>\n<li>Secretary (Schriftf\u00fchrer)<\/li>\n<\/ul>\n<p>jeweils mit ihren Stellvertretern. Die aktuellen Inhaber dieser Funktionen seit der Hauptversammlung 2021 sind:<\/p>\n<ul>\n<li><strong>Regent: DI Rene Traby<\/strong><\/li>\n<li><strong>Vice-Regent: Robert Nedogg<\/strong><\/li>\n<li><strong>Treasurer: Gerti Diethard<\/strong><\/li>\n<li><strong>Vice-Treasurer: Ekkehard Pummer<\/strong><\/li>\n<li><strong>Secretary: Wolfgang Diethard<\/strong><\/li>\n<li><strong>Vice-Secretary: Johann Pertl<\/strong><\/li>\n<\/ul>\n<p>Zus\u00e4tzliche Funktionen im Vorstand:<\/p>\n<p><strong>Rosehill Management: Franz-Othmar Leber &amp;Christian Lang<\/strong><\/p>\n<ul>\n<li>Koordination externer Dienstleister und Handwerker<\/li>\n<li>\u00dcberpr\u00fcfung und Wartung technischer Einrichtungen<\/li>\n<\/ul>\n<p><strong>Eventagentur-Koordinator: Alexandra Nedogg<\/strong><\/p>\n<ul>\n<li><span data-tt=\"{&quot;paragraphStyle&quot;:{&quot;alignment&quot;:4,&quot;style&quot;:100,&quot;writingDirection&quot;:1}}\">Vertrags- und Abrechnungst\u00e4tigkeiten mit bestehenden Agenturen f\u00fcr Whiskyseminare<\/span><\/li>\n<li><span data-tt=\"{&quot;paragraphStyle&quot;:{&quot;alignment&quot;:4,&quot;style&quot;:100,&quot;writingDirection&quot;:1}}\">J\u00e4hrliche Programmkoordination mit bestehenden Agenturen <\/span><\/li>\n<li><span data-tt=\"{&quot;paragraphStyle&quot;:{&quot;alignment&quot;:4,&quot;style&quot;:100,&quot;writingDirection&quot;:1}}\">Vorbereitung Vertragsinhalte und Programm mit neuen Agenturen<\/span><\/li>\n<\/ul>\n<p><strong>Mitgliederbetreuung: Robert Nedogg<\/strong><\/p>\n<ul>\n<li><span data-tt=\"{&quot;paragraphStyle&quot;:{&quot;alignment&quot;:4,&quot;style&quot;:100,&quot;writingDirection&quot;:1}}\">Kommunikation mit einzelnen Mitgliedern zu besonderen Anl\u00e4ssen\u00a0<\/span><\/li>\n<li><span data-tt=\"{&quot;paragraphStyle&quot;:{&quot;alignment&quot;:4,&quot;style&quot;:100,&quot;writingDirection&quot;:1}}\">Kontakt zu Interessenten bzw. Event-Teilnehmern bez\u00fcglich m\u00f6glicher Mitgliedschaft <\/span><\/li>\n<li><span data-tt=\"{&quot;paragraphStyle&quot;:{&quot;alignment&quot;:4,&quot;style&quot;:100,&quot;writingDirection&quot;:1}}\">Gelegentliche pers\u00f6nliche Kontaktaufnahme mit ehemaligen Mitgliedern\u00a0<\/span><\/li>\n<\/ul>\n<p><strong>IT\/Technik-Koordinator: Ekkehard Pummer &amp; Wolfgang Diethard<\/strong><\/p>\n<ul>\n<li><span data-tt=\"{&quot;paragraphStyle&quot;:{&quot;alignment&quot;:4,&quot;style&quot;:100,&quot;writingDirection&quot;:1}}\">Hosting der Club-Webseite <\/span><\/li>\n<li><span data-tt=\"{&quot;paragraphStyle&quot;:{&quot;alignment&quot;:4,&quot;style&quot;:100,&quot;writingDirection&quot;:1}}\">Konfiguration und Betrieb aller zugeh\u00f6rigen Tools<\/span><\/li>\n<li><span data-tt=\"{&quot;paragraphStyle&quot;:{&quot;alignment&quot;:4,&quot;style&quot;:100,&quot;writingDirection&quot;:1}}\">Pflege der Schnittstellen zu Drittsystemen<\/span><\/li>\n<\/ul>\n<p><strong>Beh\u00f6rden-Koordinator: Johann Pertl<\/strong><\/p>\n<ul>\n<li><span data-tt=\"{&quot;paragraphStyle&quot;:{&quot;alignment&quot;:4,&quot;style&quot;:100,&quot;writingDirection&quot;:1}}\">Kontakt zu und Kommunikation mit Vereins- und anderen Beh\u00f6rden <\/span><\/li>\n<li><span data-tt=\"{&quot;paragraphStyle&quot;:{&quot;alignment&quot;:4,&quot;style&quot;:100,&quot;writingDirection&quot;:1}}\">Genehmigungen f\u00fcr Teilnahme an Events bzw. f\u00fcr eigene Veranstaltungen<\/span><\/li>\n<\/ul>\n<p><strong>Whisky Scout: Christian Sch\u00f6llnhammer &amp; DI Richard Springle<\/strong><\/p>\n<ul>\n<li><span data-tt=\"{&quot;paragraphStyle&quot;:{&quot;alignment&quot;:4,&quot;style&quot;:100,&quot;writingDirection&quot;:1}}\">Marktanalyse und Trenderkennung<\/span><\/li>\n<li>Beobachten und Empfehlen f\u00fcr An- und Verkauf von Whisky<\/li>\n<li>Ausbau von Netzwerken zu H\u00e4ndlern und Produzenten<\/li>\n<\/ul>\n<p><a href=\"https:\/\/islaywhiskychapter.at\/index.php\/der-club\/die-arten-der-mitgliedschaft\/\" target=\"_blank\" rel=\"noopener\">Die Mitgliedschaft<\/a><\/p>\n<p><a href=\"https:\/\/islaywhiskychapter.at\/index.php\/der-club\/wie-wird-man-mitglied-und-wie-kann-man-wieder-aussteigen\/\">Wie wird man Mitglied?<\/a><\/p>\n\n\n<p><\/p>\n","protected":false},"excerpt":{"rendered":"<p>Der Vorstand des IWCA Gem\u00e4\u00df den Statuten besteht er aus den Funktionen Regent (Obmann) Treasurer (Kassier) Secretary (Schriftf\u00fchrer) jeweils mit ihren Stellvertretern. Die aktuellen Inhaber dieser Funktionen seit der Hauptversammlung 2021 sind: Regent: DI Rene Traby Vice-Regent: Robert Nedogg Treasurer: <a class=\"more-link\" href=\"https:\/\/islaywhiskychapter.at\/index.php\/der-club\/die-organisation-des-clubs-ab-juli-2016\/\"><span class=\"screen-reader-text\">  Die Organisation des Clubs ab Sep 2025<\/span> weiterlesen<span class=\"meta-nav\">&rarr;<\/span><\/a><\/p>\n","protected":false},"author":4,"featured_media":0,"parent":140,"menu_order":0,"comment_status":"closed","ping_status":"closed","template":"","meta":{"_acf_changed":false,"ngg_post_thumbnail":0,"footnotes":"","_links_to":"","_links_to_target":""},"class_list":["post-3767","page","type-page","status-publish","hentry"],"acf":[],"_links":{"self":[{"href":"https:\/\/islaywhiskychapter.at\/index.php\/wp-json\/wp\/v2\/pages\/3767","targetHints":{"allow":["GET"]}}],"collection":[{"href":"https:\/\/islaywhiskychapter.at\/index.php\/wp-json\/wp\/v2\/pages"}],"about":[{"href":"https:\/\/islaywhiskychapter.at\/index.php\/wp-json\/wp\/v2\/types\/page"}],"author":[{"embeddable":true,"href":"https:\/\/islaywhiskychapter.at\/index.php\/wp-json\/wp\/v2\/users\/4"}],"replies":[{"embeddable":true,"href":"https:\/\/islaywhiskychapter.at\/index.php\/wp-json\/wp\/v2\/comments?post=3767"}],"version-history":[{"count":0,"href":"https:\/\/islaywhiskychapter.at\/index.php\/wp-json\/wp\/v2\/pages\/3767\/revisions"}],"up":[{"embeddable":true,"href":"https:\/\/islaywhiskychapter.at\/index.php\/wp-json\/wp\/v2\/pages\/140"}],"wp:attachment":[{"href":"https:\/\/islaywhiskychapter.at\/index.php\/wp-json\/wp\/v2\/media?parent=3767"}],"curies":[{"name":"wp","href":"https:\/\/api.w.org\/{rel}","templated":true}]}}