{"id":6680,"date":"2025-12-03T00:00:00","date_gmt":"2025-12-02T23:00:00","guid":{"rendered":"https:\/\/islaywhiskychapter.at\/?post_type=door&#038;p=6680"},"modified":"2025-12-02T16:39:19","modified_gmt":"2025-12-02T15:39:19","slug":"3","status":"publish","type":"door","link":"https:\/\/islaywhiskychapter.at\/index.php\/door\/3\/","title":{"rendered":"Der Whisky vom 2. Dezember"},"content":{"rendered":"<blockquote>\n<p>We send out Christmas greetings to friends and family near and far, we put up the tree in hopes Santa will arrive, but most of all we take the time to thank God for His Son.<\/p>\n<footer>Kate Summers<\/footer>\n<\/blockquote>\n\n\n<p><\/p>\n\n\n\n<figure class=\"wp-block-image size-full\"><img loading=\"lazy\" decoding=\"async\" width=\"640\" height=\"1024\" src=\"https:\/\/islaywhiskychapter.at\/wp-content\/uploads\/2-5.jpg\" alt=\"\" class=\"wp-image-6708\" srcset=\"https:\/\/islaywhiskychapter.at\/wp-content\/uploads\/2-5.jpg 640w, https:\/\/islaywhiskychapter.at\/wp-content\/uploads\/2-5-188x300.jpg 188w\" sizes=\"auto, (max-width: 640px) 100vw, 640px\" \/><\/figure>\n\n\n\n<blockquote class=\"wp-block-quote is-layout-flow wp-block-quote-is-layout-flow\">\n<p><strong>Der Hinweis auf den 3. Adventwhisky:<\/strong><br>Im frischen Wei\u00dfeichenfass gereift.<br>In einem Familienbetrieb im Tal der Sulpa hergestellt.<br>Dabei wird gro\u00dfer Wert auf Regionalit\u00e4t und Biologische Landwirtschaft gelegt.<br>Die letzten Flaschen konnten wir uns sichern.<\/p>\n<\/blockquote>\n","protected":false},"menu_order":3,"template":"","meta":{"_acf_changed":false,"ngg_post_thumbnail":0,"_links_to":"","_links_to_target":""},"doorcat":[],"class_list":["post-6680","door","type-door","status-publish","hentry"],"acf":[],"_links":{"self":[{"href":"https:\/\/islaywhiskychapter.at\/index.php\/wp-json\/wp\/v2\/door\/6680","targetHints":{"allow":["GET"]}}],"collection":[{"href":"https:\/\/islaywhiskychapter.at\/index.php\/wp-json\/wp\/v2\/door"}],"about":[{"href":"https:\/\/islaywhiskychapter.at\/index.php\/wp-json\/wp\/v2\/types\/door"}],"wp:attachment":[{"href":"https:\/\/islaywhiskychapter.at\/index.php\/wp-json\/wp\/v2\/media?parent=6680"}],"wp:term":[{"taxonomy":"doorcat","embeddable":true,"href":"https:\/\/islaywhiskychapter.at\/index.php\/wp-json\/wp\/v2\/doorcat?post=6680"}],"curies":[{"name":"wp","href":"https:\/\/api.w.org\/{rel}","templated":true}]}}

<blockquote>
<p>We send out Christmas greetings to friends and family near and far, we put up the tree in hopes Santa will arrive, but most of all we take the time to thank God for His Son.</p>
<footer>Kate Summers</footer>
</blockquote>


<p></p>



<figure class="wp-block-image size-full"><img loading="lazy" decoding="async" width="640" height="1024" src="https://islaywhiskychapter.at/wp-content/uploads/2-5.jpg" alt="" class="wp-image-6708" srcset="https://islaywhiskychapter.at/wp-content/uploads/2-5.jpg 640w, https://islaywhiskychapter.at/wp-content/uploads/2-5-188x300.jpg 188w" sizes="auto, (max-width: 640px) 100vw, 640px" /></figure>



<blockquote class="wp-block-quote is-layout-flow wp-block-quote-is-layout-flow">
<p><strong>Der Hinweis auf den 3. Adventwhisky:</strong><br>Im frischen Weißeichenfass gereift.<br>In einem Familienbetrieb im Tal der Sulpa hergestellt.<br>Dabei wird großer Wert auf Regionalität und Biologische Landwirtschaft gelegt.<br>Die letzten Flaschen konnten wir uns sichern.</p>
</blockquote>
